{"id":352,"date":"2017-09-13T08:38:21","date_gmt":"2017-09-13T08:38:21","guid":{"rendered":"http:\/\/avpindia.org\/?page_id=352"},"modified":"2021-02-19T05:00:52","modified_gmt":"2021-02-19T05:00:52","slug":"protectress-of-avp","status":"publish","type":"page","link":"https:\/\/avpbangalore.com\/?page_id=352","title":{"rendered":"Protectress of AVP"},"content":{"rendered":"<p>[vc_row][vc_column width=&#8221;1\/2&#8243;][vc_custom_heading text=&#8221;OUR PROTECTORESS &#8221; font_container=&#8221;tag:h2|text_align:center|color:%23ffffff&#8221; google_fonts=&#8221;font_family:PT%20Serif%3Aregular%2Citalic%2C700%2C700italic|font_style:700%20bold%20regular%3A700%3Anormal&#8221; css=&#8221;.vc_custom_1613710616296{padding-top: 10px !important;padding-bottom: 10px !important;background-color: #6d1634 !important;}&#8221;][vc_single_image image=&#8221;1072&#8243; img_size=&#8221;full&#8221; alignment=&#8221;center&#8221; style=&#8221;vc_box_border&#8221;][vc_custom_heading text=&#8221;OUR LADY OF MOUNT CARMEL &#8221; font_container=&#8221;tag:h3|text_align:center|color:%23ffffff&#8221; google_fonts=&#8221;font_family:PT%20Serif%3Aregular%2Citalic%2C700%2C700italic|font_style:700%20bold%20regular%3A700%3Anormal&#8221; css=&#8221;.vc_custom_1613710780920{margin-top: -20px !important;background-color: #6d1634 !important;}&#8221;][\/vc_column][vc_column width=&#8221;1\/2&#8243;][vc_column_text]<\/p>\n<p style=\"text-align: justify;\">Mary, the Mother of God, has a multitude of titles under which she is invoked for various needs. Mount Carmel is a biblical place where the prophet Elijah dwelt. It rises 1,742 feet above sea level and towers above Israel\u2019s Mediterranean coastline. It was here where Elijah prayed to God for the salvation of Israel, which was suffering a terrible drought at the time. He continued to pray and sent his servant up the mountain several times to look for rain. On the seventh try, Elijah\u2019s servant returned with good news. \u201cBehold a little cloud arose out of the sea like a man\u2019s foot\u201d (1 Kings 1:44). Soon thereafter, torrential rains fell upon the parched land and the people of Israel were saved. Elijah saw the cloud as a symbol of the Virgin mentioned in the prophecies of Isaiah (Isaiah 7:14).The title \u201cOur Lady of Mount Carmel\u201d first derives from the experience of the prophet Elijah who, on Mount Carmel, challenged the worshipers of false gods to a contest (see 1 Kings 20-40). Ever since the time of Elijah, the mountain has been considered sacred and hermits have always occupied a spot on the mountain where they were devoted to a life of austerity and prayer.<\/p>\n<p>[\/vc_column_text][vc_column_text]<\/p>\n<p style=\"text-align: justify;\">The hermits who lived on Mount Carmel followed Elijah\u2019s example and prayed for the advent of the much-awaited Virgin, who would become the mother of the Messiah. The origins of the Carmelite Order can be traced back to Elijah and his hermited disciples.When the Carmelite Order was established many centuries later, the priests adopted Our Lady of Mount Carmel to represent their spirituality \u2013 both Marian and deeply contemplative. The Brown Scapular, which legend tells is a gift of protection from Our Lady to St. Simon Stock, a Carmelite priest, is the most popular devotion associated with Our Lady under this title.<\/p>\n<p>[\/vc_column_text][\/vc_column][\/vc_row][vc_row][vc_column][vc_column_text]<\/p>\n<p style=\"text-align: justify;\">Mary, overshadowed by the Spirit of God, is the Virgin of a new heart, who gave a human face to the Word made flesh. She is the Virgin of wise and contemplative listening who kept and pondered in her heart the events and the words of the Lord. She is the faithful disciple of wisdom, who sought Jesus and allowed herself to be formed and moulded by his Spirit, so that in faith she might be conformed to his ways and choices. Thus enlightened, Mary is presented to us as one able to read \u201cthe great wonders\u201d which God accomplished in her for the salvation of the humble and of the poor.Mary was not only the Mother of Our Lord; she also became his perfect disciple, the woman of faith. She followed Jesus, walking with the disciples, sharing their demanding and wearisome journey \u2013 a journey which required, above all, fraternal love and mutual service. Mary brings the good news of salvation to all men and women. She is the woman who built relationships, not only within the inner circle of Jesus\u2019 disciples, but, beyond that, with the people: with Elizabeth, with the bride and bridegroom in Cana, with the other women, and with Jesus\u2019 \u201cbrothers\u201d.<\/p>\n<p>[\/vc_column_text][vc_column_text]<\/p>\n<p style=\"text-align: justify;\">Carmelites see in the Virgin Mary, Mother of God and archetype of the Church, the perfect image of all that they want and hope to be. For this reason, Carmelites have always thought of Mary as the Patron of the Order, its Mother and Splendour; she is constantly before their eyes and in their hearts as \u201cthe Virgin Most Pure.\u201d Looking to her, and living in spiritual intimacy with her, we learn to stand before God, and with one another, as the Lord\u2019s brothers. Mary lives among us, as mother and sister, attentive to our needs; along with us she waits and hopes, suffers and rejoices. Saint Teresa of Avila called Carmel \u201cthe Order of the Virgin.\u201d Saint John of the Cross credited Mary with saving him from drowning as a child, leading him to Carmel, and helping him escape from prison. Saint Th\u00e9r\u00e8se of the Child Jesus believed that Mary cured her from illness. On her First Communion day, Th\u00e9r\u00e8se dedicated her life to Mary. During the last days of her life she frequently spoke of Mary.<\/p>\n<p>[\/vc_column_text][\/vc_column][\/vc_row]<\/p>\n","protected":false},"excerpt":{"rendered":"<p>[vc_row][vc_column width=&#8221;1\/2&#8243;][vc_custom_heading text=&#8221;OUR PROTECTORESS &#8221; font_container=&#8221;tag:h2|text_align:center|color:%23ffffff&#8221; google_fonts=&#8221;font_family:PT%20Serif%3Aregular%2Citalic%2C700%2C700italic|font_style:700%20bold%20regular%3A700%3Anormal&#8221; css=&#8221;.vc_custom_1613710616296{padding-top: 10px !important;padding-bottom: 10px !important;background-color: #6d1634 !important;}&#8221;][vc_single_image image=&#8221;1072&#8243; img_size=&#8221;full&#8221; alignment=&#8221;center&#8221; style=&#8221;vc_box_border&#8221;][vc_custom_heading text=&#8221;OUR LADY OF MOUNT CARMEL &#8221; font_container=&#8221;tag:h3|text_align:center|color:%23ffffff&#8221; google_fonts=&#8221;font_family:PT%20Serif%3Aregular%2Citalic%2C700%2C700italic|font_style:700%20bold%20regular%3A700%3Anormal&#8221; css=&#8221;.vc_custom_1613710780920{margin-top: -20px !important;background-color: #6d1634 !important;}&#8221;][\/vc_column][vc_column width=&#8221;1\/2&#8243;][vc_column_text] Mary, the Mother of God, has a multitude of titles under which she is invoked for various needs. Mount Carmel is a biblical [&hellip;]<\/p>\n","protected":false},"author":1,"featured_media":0,"parent":0,"menu_order":0,"comment_status":"closed","ping_status":"closed","template":"","meta":{"footnotes":""},"_links":{"self":[{"href":"https:\/\/avpbangalore.com\/index.php?rest_route=\/wp\/v2\/pages\/352"}],"collection":[{"href":"https:\/\/avpbangalore.com\/index.php?rest_route=\/wp\/v2\/pages"}],"about":[{"href":"https:\/\/avpbangalore.com\/index.php?rest_route=\/wp\/v2\/types\/page"}],"author":[{"embeddable":true,"href":"https:\/\/avpbangalore.com\/index.php?rest_route=\/wp\/v2\/users\/1"}],"replies":[{"embeddable":true,"href":"https:\/\/avpbangalore.com\/index.php?rest_route=%2Fwp%2Fv2%2Fcomments&post=352"}],"version-history":[{"count":10,"href":"https:\/\/avpbangalore.com\/index.php?rest_route=\/wp\/v2\/pages\/352\/revisions"}],"predecessor-version":[{"id":1081,"href":"https:\/\/avpbangalore.com\/index.php?rest_route=\/wp\/v2\/pages\/352\/revisions\/1081"}],"wp:attachment":[{"href":"https:\/\/avpbangalore.com\/index.php?rest_route=%2Fwp%2Fv2%2Fmedia&parent=352"}],"curies":[{"name":"wp","href":"https:\/\/api.w.org\/{rel}","templated":true}]}}